{"id":286,"date":"2021-04-28T08:50:31","date_gmt":"2021-04-28T06:50:31","guid":{"rendered":"https:\/\/ligueldeep90.fr\/?page_id=286"},"modified":"2025-02-05T10:35:44","modified_gmt":"2025-02-05T09:35:44","slug":"accompagnement","status":"publish","type":"page","link":"https:\/\/ligueldeep90.fr\/index.php\/accompagnement\/","title":{"rendered":"Accompagnement"},"content":{"rendered":"\n<div class=\"wp-block-cover is-light\" style=\"min-height:50px;aspect-ratio:unset;\"><span aria-hidden=\"true\" class=\"has-cyan-bluish-gray-background-color has-background-dim-100 wp-block-cover__gradient-background has-background-dim\"><\/span><div class=\"wp-block-cover__inner-container is-layout-flow wp-block-cover-is-layout-flow\">\n<p class=\"has-text-align-center has-large-font-size\"><\/p>\n<\/div><\/div>\n\n\n\n<p><\/p>\n\n\n\n<p>La Ligue de l&rsquo;Enseignement du Territoire de Belfort propose un accompagnement en mati\u00e8re de :<\/p>\n\n\n\n<ul class=\"wp-block-list\"><li><strong>Gestion associative<\/strong> : vie statutaire, gestion, financement (compte asso, Dauphin, ANS), r\u00e9glementation, b\u00e9n\u00e9volat&#8230;<\/li><li><strong>Gestion administrative, budg\u00e9taire et humaine<\/strong><\/li><li><strong>Cr\u00e9ation de projet<\/strong> \u00ab\u00a0du diagnostic \u00e0 l&rsquo;\u00e9valuation\u00a0\u00bb<\/li><li><strong>Accueil de Volontaire en Service Civique<\/strong><\/li><li><strong>Mise en relation des r\u00e9seaux associatifs<\/strong><\/li><li><strong>Communication interne \/ externe<\/strong><\/li><\/ul>\n\n\n\n<p><\/p>\n\n\n\n<p><\/p>\n","protected":false},"excerpt":{"rendered":"<p>La Ligue de l&rsquo;Enseignement du Territoire de Belfort propose un accompagnement en mati\u00e8re de : Gestion associative : vie statutaire, gestion, financement (compte asso, Dauphin, ANS), r\u00e9glementation, b\u00e9n\u00e9volat&#8230; Gestion administrative, budg\u00e9taire et humaine Cr\u00e9ation de projet \u00ab\u00a0du diagnostic \u00e0 l&rsquo;\u00e9valuation\u00a0\u00bb Accueil de Volontaire en Service Civique Mise en relation des r\u00e9seaux associatifs Communication interne \/ [&hellip;]<\/p>\n","protected":false},"author":1,"featured_media":0,"parent":0,"menu_order":0,"comment_status":"closed","ping_status":"closed","template":"","meta":{"footnotes":""},"class_list":["post-286","page","type-page","status-publish","hentry","entry"],"_links":{"self":[{"href":"https:\/\/ligueldeep90.fr\/index.php\/wp-json\/wp\/v2\/pages\/286","targetHints":{"allow":["GET"]}}],"collection":[{"href":"https:\/\/ligueldeep90.fr\/index.php\/wp-json\/wp\/v2\/pages"}],"about":[{"href":"https:\/\/ligueldeep90.fr\/index.php\/wp-json\/wp\/v2\/types\/page"}],"author":[{"embeddable":true,"href":"https:\/\/ligueldeep90.fr\/index.php\/wp-json\/wp\/v2\/users\/1"}],"replies":[{"embeddable":true,"href":"https:\/\/ligueldeep90.fr\/index.php\/wp-json\/wp\/v2\/comments?post=286"}],"version-history":[{"count":7,"href":"https:\/\/ligueldeep90.fr\/index.php\/wp-json\/wp\/v2\/pages\/286\/revisions"}],"predecessor-version":[{"id":912,"href":"https:\/\/ligueldeep90.fr\/index.php\/wp-json\/wp\/v2\/pages\/286\/revisions\/912"}],"wp:attachment":[{"href":"https:\/\/ligueldeep90.fr\/index.php\/wp-json\/wp\/v2\/media?parent=286"}],"curies":[{"name":"wp","href":"https:\/\/api.w.org\/{rel}","templated":true}]}}

<div class="wp-block-cover is-light" style="min-height:50px;aspect-ratio:unset;"><span aria-hidden="true" class="has-cyan-bluish-gray-background-color has-background-dim-100 wp-block-cover__gradient-background has-background-dim"></span><div class="wp-block-cover__inner-container is-layout-flow wp-block-cover-is-layout-flow">
<p class="has-text-align-center has-large-font-size"></p>
</div></div>



<p></p>



<p>La Ligue de l&rsquo;Enseignement du Territoire de Belfort propose un accompagnement en matière de :</p>



<ul class="wp-block-list"><li><strong>Gestion associative</strong> : vie statutaire, gestion, financement (compte asso, Dauphin, ANS), réglementation, bénévolat&#8230;</li><li><strong>Gestion administrative, budgétaire et humaine</strong></li><li><strong>Création de projet</strong> « du diagnostic à l&rsquo;évaluation »</li><li><strong>Accueil de Volontaire en Service Civique</strong></li><li><strong>Mise en relation des réseaux associatifs</strong></li><li><strong>Communication interne / externe</strong></li></ul>



<p></p>



<p></p>

<p>La Ligue de l&rsquo;Enseignement du Territoire de Belfort propose un accompagnement en matière de : Gestion associative : vie statutaire, gestion, financement (compte asso, Dauphin, ANS), réglementation, bénévolat&#8230; Gestion administrative, budgétaire et humaine Création de projet « du diagnostic à l&rsquo;évaluation » Accueil de Volontaire en Service Civique Mise en relation des réseaux associatifs Communication interne / [&hellip;]</p>
