{"id":290,"date":"2021-04-28T08:50:31","date_gmt":"2021-04-28T06:50:31","guid":{"rendered":"https:\/\/ligueldeep90.fr\/?page_id=290"},"modified":"2024-02-20T14:53:30","modified_gmt":"2024-02-20T13:53:30","slug":"carte-de-la-fraternite","status":"publish","type":"page","link":"https:\/\/ligueldeep90.fr\/index.php\/carte-de-la-fraternite\/","title":{"rendered":""},"content":{"rendered":"\n<div class=\"wp-block-columns is-layout-flex wp-container-core-columns-is-layout-9d6595d7 wp-block-columns-is-layout-flex\" style=\"font-style:normal;font-weight:500\">\n<div class=\"wp-block-column is-layout-flow wp-block-column-is-layout-flow\" style=\"flex-basis:100%\">\n<div class=\"wp-block-cover alignfull is-light\" style=\"min-height:50px;aspect-ratio:unset;\"><span aria-hidden=\"true\" class=\"wp-block-cover__background has-cyan-bluish-gray-background-color has-background-dim-100 has-background-dim\"><\/span><div class=\"wp-block-cover__inner-container is-layout-flow wp-block-cover-is-layout-flow\">\n<p class=\"has-text-align-center has-background has-small-font-size\" style=\"background-color:#ae7bdb;font-style:italic;font-weight:500;letter-spacing:12px\"><code>SAY : \"Solidarity is About Youth\"<\/code><\/p>\n<\/div><\/div>\n<\/div>\n<\/div>\n\n\n\n<p><\/p>\n\n\n\n<p><\/p>\n\n\n\n<div class=\"wp-block-media-text alignwide is-stacked-on-mobile is-vertically-aligned-top\" style=\"grid-template-columns:15% auto\"><figure class=\"wp-block-media-text__media\"><img loading=\"lazy\" decoding=\"async\" width=\"225\" height=\"225\" src=\"https:\/\/ligueldeep90.fr\/wp-content\/uploads\/2024\/02\/jcartef-Copie.jpg\" alt=\"\" class=\"wp-image-792 size-full\" srcset=\"https:\/\/ligueldeep90.fr\/wp-content\/uploads\/2024\/02\/jcartef-Copie.jpg 225w, https:\/\/ligueldeep90.fr\/wp-content\/uploads\/2024\/02\/jcartef-Copie-150x150.jpg 150w\" sizes=\"auto, (max-width: 225px) 100vw, 225px\" \/><\/figure><div class=\"wp-block-media-text__content\">\n<p class=\"text_justify\">Chaque ann\u00e9e, dans le cadre des \u00ab Semaines d\u2019\u00e9ducation contre le racisme \u00bb la Ligue de l\u2019enseignement anime \u00ab Jouons la carte de la fraternit\u00e9 \u00bb, une op\u00e9ration de sensibilisation au respect et \u00e0 la tol\u00e9rance sur la base d\u2019ateliers d\u2019\u00e9criture et d\u2019analyse de photographies. Depuis 2018, l\u2019op\u00e9ration est men\u00e9e en France ainsi qu\u2019en Espagne, en Croatie et en Pologne.<\/p>\n\n\n\n<p class=\"text_justify\">Le principe est de  favoriser l\u2019expression des jeunes sur le racisme \u00e0 partir de photographies reproduites sur des cartes postales, puis les amener \u00e0 formaliser cette expression lors d\u2019ateliers d\u2019\u00e9criture. Le 21 mars, journ\u00e9e mondiale de lutte contre le racisme, chaque jeune choisit au hasard un destinataire dans l\u2019annuaire de son d\u00e9partement et lui envoie la carte avec son texte. Les destinataires ont la possibilit\u00e9 de r\u00e9pondre gr\u00e2ce \u00e0 un coupon d\u00e9tachable.&nbsp;<\/p>\n\n\n\n<p class=\"text_justify\">En Bourgogne Franche-Comt\u00e9, ce sont plus de 15 000 cartes qui sont envoy\u00e9es chaque ann\u00e9e.<\/p>\n\n\n\n<h5 class=\"wp-block-heading has-text-color\" style=\"color:#5482be\">La carte de la fraternit\u00e9 dans le Territoire de Belfort<\/h5>\n\n\n\n<p class=\"text_justify\">La Ligue de l&rsquo;Enseignement du Territoire de Belfort a une gestion directe de la carte de la fraternit\u00e9 (en lien avec la FOL 39).<\/p>\n\n\n\n<ul class=\"text_justify wp-block-list\">\n<li>-Diffusion des cartes<\/li>\n\n\n\n<li>-Enregistrement et relation aux \u00e9coles inscrites<\/li>\n\n\n\n<li>-263 cartes envoy\u00e9es et 51 retours avec exploitation en classe<\/li>\n<\/ul>\n\n\n\n<h5 class=\"wp-block-heading has-cyan-bluish-gray-color has-text-color has-normal-font-size\"><br><\/h5>\n<\/div><\/div>\n","protected":false},"excerpt":{"rendered":"","protected":false},"author":1,"featured_media":791,"parent":0,"menu_order":0,"comment_status":"closed","ping_status":"closed","template":"","meta":{"footnotes":""},"class_list":["post-290","page","type-page","status-publish","has-post-thumbnail","hentry","entry","has-media"],"_links":{"self":[{"href":"https:\/\/ligueldeep90.fr\/index.php\/wp-json\/wp\/v2\/pages\/290","targetHints":{"allow":["GET"]}}],"collection":[{"href":"https:\/\/ligueldeep90.fr\/index.php\/wp-json\/wp\/v2\/pages"}],"about":[{"href":"https:\/\/ligueldeep90.fr\/index.php\/wp-json\/wp\/v2\/types\/page"}],"author":[{"embeddable":true,"href":"https:\/\/ligueldeep90.fr\/index.php\/wp-json\/wp\/v2\/users\/1"}],"replies":[{"embeddable":true,"href":"https:\/\/ligueldeep90.fr\/index.php\/wp-json\/wp\/v2\/comments?post=290"}],"version-history":[{"count":8,"href":"https:\/\/ligueldeep90.fr\/index.php\/wp-json\/wp\/v2\/pages\/290\/revisions"}],"predecessor-version":[{"id":797,"href":"https:\/\/ligueldeep90.fr\/index.php\/wp-json\/wp\/v2\/pages\/290\/revisions\/797"}],"wp:featuredmedia":[{"embeddable":true,"href":"https:\/\/ligueldeep90.fr\/index.php\/wp-json\/wp\/v2\/media\/791"}],"wp:attachment":[{"href":"https:\/\/ligueldeep90.fr\/index.php\/wp-json\/wp\/v2\/media?parent=290"}],"curies":[{"name":"wp","href":"https:\/\/api.w.org\/{rel}","templated":true}]}}

<div class="wp-block-columns is-layout-flex wp-container-core-columns-is-layout-9d6595d7 wp-block-columns-is-layout-flex" style="font-style:normal;font-weight:500">
<div class="wp-block-column is-layout-flow wp-block-column-is-layout-flow" style="flex-basis:100%">
<div class="wp-block-cover alignfull is-light" style="min-height:50px;aspect-ratio:unset;"><span aria-hidden="true" class="wp-block-cover__background has-cyan-bluish-gray-background-color has-background-dim-100 has-background-dim"></span><div class="wp-block-cover__inner-container is-layout-flow wp-block-cover-is-layout-flow">
<p class="has-text-align-center has-background has-small-font-size" style="background-color:#ae7bdb;font-style:italic;font-weight:500;letter-spacing:12px"><code>SAY : "Solidarity is About Youth"</code></p>
</div></div>
</div>
</div>



<p></p>



<p></p>



<div class="wp-block-media-text alignwide is-stacked-on-mobile is-vertically-aligned-top" style="grid-template-columns:15% auto"><figure class="wp-block-media-text__media"><img loading="lazy" decoding="async" width="225" height="225" src="https://ligueldeep90.fr/wp-content/uploads/2024/02/jcartef-Copie.jpg" alt="" class="wp-image-792 size-full" srcset="https://ligueldeep90.fr/wp-content/uploads/2024/02/jcartef-Copie.jpg 225w, https://ligueldeep90.fr/wp-content/uploads/2024/02/jcartef-Copie-150x150.jpg 150w" sizes="auto, (max-width: 225px) 100vw, 225px" /></figure><div class="wp-block-media-text__content">
<p class="text_justify">Chaque année, dans le cadre des « Semaines d’éducation contre le racisme » la Ligue de l’enseignement anime « Jouons la carte de la fraternité », une opération de sensibilisation au respect et à la tolérance sur la base d’ateliers d’écriture et d’analyse de photographies. Depuis 2018, l’opération est menée en France ainsi qu’en Espagne, en Croatie et en Pologne.</p>



<p class="text_justify">Le principe est de  favoriser l’expression des jeunes sur le racisme à partir de photographies reproduites sur des cartes postales, puis les amener à formaliser cette expression lors d’ateliers d’écriture. Le 21 mars, journée mondiale de lutte contre le racisme, chaque jeune choisit au hasard un destinataire dans l’annuaire de son département et lui envoie la carte avec son texte. Les destinataires ont la possibilité de répondre grâce à un coupon détachable.&nbsp;</p>



<p class="text_justify">En Bourgogne Franche-Comté, ce sont plus de 15 000 cartes qui sont envoyées chaque année.</p>



<h5 class="wp-block-heading has-text-color" style="color:#5482be">La carte de la fraternité dans le Territoire de Belfort</h5>



<p class="text_justify">La Ligue de l&rsquo;Enseignement du Territoire de Belfort a une gestion directe de la carte de la fraternité (en lien avec la FOL 39).</p>



<ul class="text_justify wp-block-list">
<li>-Diffusion des cartes</li>



<li>-Enregistrement et relation aux écoles inscrites</li>



<li>-263 cartes envoyées et 51 retours avec exploitation en classe</li>
</ul>



<h5 class="wp-block-heading has-cyan-bluish-gray-color has-text-color has-normal-font-size"><br></h5>
</div></div>
